{"id":221,"date":"2022-07-18T06:08:18","date_gmt":"2022-07-18T06:08:18","guid":{"rendered":"https:\/\/piekarniakaczmarek.pl\/?post_type=product&#038;p=221"},"modified":"2025-09-08T15:10:40","modified_gmt":"2025-09-08T15:10:40","slug":"kanapka-burak","status":"publish","type":"product","link":"https:\/\/piekarniakaczmarek.pl\/?product=kanapka-burak","title":{"rendered":"Kanapka burak (dost\u0119pna tylko w pi\u0105tki)"},"content":{"rendered":"","protected":false},"excerpt":{"rendered":"<p>Sk\u0142adniki kanapki:<\/p>\n<p>serek \u015bmietankowy, rukola, pieczony, s\u0142odki burak, feta, pestki dyni i s\u0142onecznika.<\/p>\n<p>Zam\u00f3w wcze\u015bniej &#8211; odbierz w pi\u0105tek.<\/p>\n","protected":false},"featured_media":222,"template":"","meta":{"site-sidebar-layout":"default","site-content-layout":"default","ast-global-header-display":"","ast-main-header-display":"","ast-hfb-above-header-display":"","ast-hfb-below-header-display":"","ast-hfb-mobile-header-display":"","site-post-title":"","ast-breadcrumbs-content":"","ast-featured-img":"","footer-sml-layout":"","theme-transparent-header-meta":"default","adv-header-id-meta":"","stick-header-meta":"default","header-above-stick-meta":"","header-main-stick-meta":"","header-below-stick-meta":""},"product_cat":[23],"product_tag":[],"_links":{"self":[{"href":"https:\/\/piekarniakaczmarek.pl\/index.php?rest_route=\/wp\/v2\/product\/221"}],"collection":[{"href":"https:\/\/piekarniakaczmarek.pl\/index.php?rest_route=\/wp\/v2\/product"}],"about":[{"href":"https:\/\/piekarniakaczmarek.pl\/index.php?rest_route=\/wp\/v2\/types\/product"}],"wp:featuredmedia":[{"embeddable":true,"href":"https:\/\/piekarniakaczmarek.pl\/index.php?rest_route=\/wp\/v2\/media\/222"}],"wp:attachment":[{"href":"https:\/\/piekarniakaczmarek.pl\/index.php?rest_route=%2Fwp%2Fv2%2Fmedia&parent=221"}],"wp:term":[{"taxonomy":"product_cat","embeddable":true,"href":"https:\/\/piekarniakaczmarek.pl\/index.php?rest_route=%2Fwp%2Fv2%2Fproduct_cat&post=221"},{"taxonomy":"product_tag","embeddable":true,"href":"https:\/\/piekarniakaczmarek.pl\/index.php?rest_route=%2Fwp%2Fv2%2Fproduct_tag&post=221"}],"curies":[{"name":"wp","href":"https:\/\/api.w.org\/{rel}","templated":true}]}}