{"id":357,"date":"2022-07-20T08:16:34","date_gmt":"2022-07-20T08:16:34","guid":{"rendered":"https:\/\/piekarniakaczmarek.pl\/?post_type=product&#038;p=357"},"modified":"2023-01-16T16:43:18","modified_gmt":"2023-01-16T16:43:18","slug":"mini-jogurt-z-truskawka-i-konfitura-wisniowa","status":"publish","type":"product","link":"https:\/\/piekarniakaczmarek.pl\/?product=mini-jogurt-z-truskawka-i-konfitura-wisniowa","title":{"rendered":"Mini jogurt naturalny z konfitur\u0105 wi\u015bniow\u0105, granol\u0105 i owocami sezonowymi"},"content":{"rendered":"","protected":false},"excerpt":{"rendered":"","protected":false},"featured_media":358,"template":"","meta":{"site-sidebar-layout":"default","site-content-layout":"default","ast-global-header-display":"","ast-main-header-display":"","ast-hfb-above-header-display":"","ast-hfb-below-header-display":"","ast-hfb-mobile-header-display":"","site-post-title":"","ast-breadcrumbs-content":"","ast-featured-img":"","footer-sml-layout":"","theme-transparent-header-meta":"default","adv-header-id-meta":"","stick-header-meta":"default","header-above-stick-meta":"","header-main-stick-meta":"","header-below-stick-meta":""},"product_cat":[30],"product_tag":[],"_links":{"self":[{"href":"https:\/\/piekarniakaczmarek.pl\/index.php?rest_route=\/wp\/v2\/product\/357"}],"collection":[{"href":"https:\/\/piekarniakaczmarek.pl\/index.php?rest_route=\/wp\/v2\/product"}],"about":[{"href":"https:\/\/piekarniakaczmarek.pl\/index.php?rest_route=\/wp\/v2\/types\/product"}],"wp:featuredmedia":[{"embeddable":true,"href":"https:\/\/piekarniakaczmarek.pl\/index.php?rest_route=\/wp\/v2\/media\/358"}],"wp:attachment":[{"href":"https:\/\/piekarniakaczmarek.pl\/index.php?rest_route=%2Fwp%2Fv2%2Fmedia&parent=357"}],"wp:term":[{"taxonomy":"product_cat","embeddable":true,"href":"https:\/\/piekarniakaczmarek.pl\/index.php?rest_route=%2Fwp%2Fv2%2Fproduct_cat&post=357"},{"taxonomy":"product_tag","embeddable":true,"href":"https:\/\/piekarniakaczmarek.pl\/index.php?rest_route=%2Fwp%2Fv2%2Fproduct_tag&post=357"}],"curies":[{"name":"wp","href":"https:\/\/api.w.org\/{rel}","templated":true}]}}